 3*y - 9*y + a*y. What is the units digit of z(0)?
6
Suppose 4*p + 804 = 2*q, 768 = 2*q + 8*p - 3*p. Let z be -144 + 6/(-2) - 4. Let c = q + z. What is the hundreds digit of c?
2
Suppose 6*z = 13*z + 728. What is the tens digit of 780/z*(-26)/3?
6
Let f(h) = -h**2 + 32*h - 51. Suppose 0 = -4*k - 6*k + 270. Suppose -2*r + 17 = -k. What is the units digit of f(r)?
9
Suppose 68 = 26*q - 36. Suppose 3*c - 3381 = -3*p, -4*p + 5*c + 4513 = q*c. What is the tens digit of p?
2
Let b(q) = -2275*q + 447. What is the tens digit of b(-3)?
7
What is the thousands digit of 4749*1 + (456/(-60))/19*-5?
4
Suppose -3*s - 2*k = -35, 3*k - 8*k = 3*s - 47. Let g(w) = -w**3 + 11*w**2 - 6*w + 38. What is the hundreds digit of g(s)?
1
Let a = -7310 + 16285. What is the units digit of a?
5
Suppose 42*p - 62*p + 2640 = 0. Let m = 264 + p. What is the units digit of m?
6
Let o(i) = 19*i**2 + 29*i + 27. Let q be (-2)/(-5) - (4 - (-60)/25). What is the hundreds digit of o(q)?
5
Let y = 87 - 124. Let k = -2 - y. What is the tens digit of 15/k - 621/(-21)?
3
Let c(w) = 1014*w + 13. What is the units digit of c(34)?
9
Let y = 377 - 620. Let s = 431 + y. What is the hundreds digit of s?
1
Let b(q) = -7*q + 10. Let i be b(-16). Let v be (12 + i)*1/2. Suppose 0 = 2*k - 19 - v. What is the units digit of k?
3
Let f(p) = 334*p + 465. What is the tens digit of f(0)?
6
Let b(i) = i**2 + 2*i - 59. Let t be b(7). Suppose 5*s - 472 = -o, -922 = -3*o + t*s + 456. What is the hundreds digit of o?
4
Suppose 248*q - 527761 = 6711359. What is the tens digit of q?
9
Let u(h) = 315*h + 17. What is the thousands digit of u(17)?
5
Let f(o) = 4*o - 28686*o**2 + 1 + 28919*o**2 + 2 + 3*o. What is the hundreds digit of f(-2)?
9
Suppose 52692 = 3*v + 5*o, 59*v + 6*o + 52659 = 62*v. What is the hundreds digit of v?
5
Let m(a) = 4*a + 185. Suppose -239*v - 192 = -233*v. What is the units digit of m(v)?
7
Let o(f) = f**3 - 29*f**2 + 25*f + 47. Let w be (-1 + 1 - 29)*(14 - 15). What is the units digit of o(w)?
2
Let f(o) = 6*o**2 - 2*o + 20. Suppose 28 - 42 = -2*c. What is the units digit of f(c)?
0
Suppose 170*m = -4*o + 168*m + 9126, -m = o - 2279. What is the hundreds digit of o?
2
Let j = 633 - -895. Suppose 4*d + l - j = 3*l, -5*l + 752 = 2*d. What is the tens digit of d?
8
Suppose -4*o + 37007 = -5*z, z - 6*z + 18541 = 2*o. What is the hundreds digit of o?
2
What is the tens digit of (5/105 + 832/168)/((-3)/(-11679))?
6
Let a(d) = -d + 4. Let p be a(2). Let q(m) = m**3 - 2*m**2 + 2*m. Let z be q(p). What is the units digit of z - 380/(-4) - 5?
4
Suppose 358*d = 346*d + 132. Suppose 0 = -d*w + 19*w - 472. What is the units digit of w?
9
Suppose 673 = -89*g + 90*g. What is the tens digit of g?
7
Suppose 114*z + 120*z = 225*z + 140679. What is the thousands digit of z?
5
Let f(b) = 424*b - 224*b - 214*b + 159. What is the tens digit of f(-11)?
1
What is the thousands digit of -2 + -12 + (107 - -21751)?
1
What is the hundreds digit of 23796/10*((-4)/(-8) + 2)?
9
Suppose -4*w - 5*k + 79950 = 0, 2*w + 1591*k = 1586*k + 39970. What is the thousands digit of w?
9
Let i be 355*((-1)/(-15))/((-6)/(-36)). Let h = 230 - i. What is the units digit of h?
8
Suppose -6*z = -9*z - 33. Let x(f) = 3*f + 35. Let o be x(z). Suppose q - 110 = k - 47, o*q - 141 = 5*k. What is the units digit of q?
8
Let g(h) = -7*h**3 + 18*h**2 - 12*h - 55. What is the thousands digit of g(-11)?
1
Suppose -5722*a - 7952 = -5724*a. What is the thousands digit of a?
3
Let d = -211 + 114. Let a = d - -18. Let c = 137 + a. What is the units digit of c?
8
Let j(k) = 5*k + 120. Let a be j(-20). Suppose 308 = 2*v - 4*l, -a*l + 15*l + 10 = 0. What is the hundreds digit of v?
1
What is the units digit of ((-16)/(-6) - 2) + (139395/(-9))/(-1)?
9
Suppose 2*p = 6*m - 353620, 5*p = 55*m - 60*m + 294650. What is the tens digit of m?
3
Let k(w) = -w**2 - 5*w - 3. Let a be k(-2). Suppose -2*o + a*o - 29 = 5*l, -3*l - 27 = -3*o. Let m(u) = 7*u**2 - 4*u - 18. What is the tens digit of m(l)?
7
Let k be 327 - (2 + -4) - -1. Let h = 1207 + -1437. Let x = k + h. What is the tens digit of x?
0
Let a = -164 - -62. Let b = -237 - -72. Let s = a - b. What is the tens digit of s?
6
Suppose -162*y + 126 = -160*y. Let a = -61 + y. Suppose l = -v - a*l + 64, -2*v + 124 = 5*l. What is the units digit of v?
2
Suppose -3*s + 11 = i, 2*i = -i - 3. Suppose -2*a + 207 = a. Suppose -f = 4*x - 321, -246 - a = -s*x + 5*f. What is the units digit of x?
0
Let h(a) = -a**3 - 5*a**2 + 13*a + 1. Let z be (-12)/126 - 290/42. Let l be h(z). Suppose l*b - 11*b + 774 = 0. What is the hundreds digit of b?
2
Let v be 1*(-1)/3 - 13/(-39). Let t be (-3 + 8/4)*v. Suppose 2*g + i - 48 = t, -3*i + 6*i - 98 = -4*g. What is the units digit of g?
3
Let m(r) = r - 14. Let l be m(18). Let w(q) = 23*q**2 - 10*q. What is the tens digit of w(l)?
2
Let x = -96 + 95. What is the hundreds digit of (20/15 + x)*1689?
5
Suppose 2*r + 82 = -0. Let t = 44 + r. Suppose -5*x - t*a = -226, -2*a = x - 13 - 35. What is the units digit of x?
4
Suppose 57 = h - 2*a + 52, 5*a = -5*h + 10. Suppose -3*w - 2*z = -2, h*w - 3*z + 4 = -8*z. What is the units digit of w?
2
Let f = 455 - 451. Suppose -z + 3*u + 121 = z, -4*u = 4. Suppose -f*g + 93 = -z. What is the tens digit of g?
3
Let o be (-500)/(-80) - (-2 - (-9)/4). Let m be (-669)/(-2) - (-2)/(-4). Suppose o*u = 266 + m. What is the tens digit of u?
0
Suppose 0 = -y - 4*y - 2*k + 1436, 1438 = 5*y + k. Let m = y + 356. What is the hundreds digit of m?
6
Let c(q) be the third derivative of q**6/60 - q**5/4 - 5*q**4/12 - q**3/3 - 62*q**2. What is the units digit of c(9)?
1
Let x(w) = 76*w + 3716. What is the tens digit of x(56)?
7
Let c be (2/6*3)/(-1). Let n(r) = -85*r**3 - r**2 - 7*r - 5. What is the tens digit of n(c)?
8
Let k = -32819 - -112413. What is the thousands digit of k?
9
Suppose 5*u + 27 = 47. Suppose 5*k + 3*x + 1 = -4, -36 = 4*k - u*x. What is the tens digit of (5 + k)*(2 + 225)?
2
Let l = 255 - 231. What is the units digit of ((-304)/l)/(1/(-33))?
8
Suppose -2*z + 3*z - 7 = -d, 19 = 3*z + d. Suppose z*h - 1795 = -649. What is the hundreds digit of h?
1
Suppose 4*j - 39175 = -5*a + 24274, -3*a - 5*j + 38059 = 0. What is the tens digit of a?
9
What is the units digit of (-508)/(-635)*(223729/22 - 2/(-4))?
6
Let c = -20010 + 31869. What is the ten thousands digit of c?
1
Suppose -3*r - 5*c + 279 = -6*r, 4*r + 5*c = -337. Let k = r + 388. What is the units digit of k?
0
Suppose -3*l - 2 = -14, 2*l - 1686 = i. Let r = i - -2518. What is the tens digit of r?
4
Suppose 5*b + 5*a = -138 + 3, -b - 2*a - 26 = 0. What is the tens digit of (-6)/21 - -925*(-8)/b?
6
Let g(j) be the third derivative of 0*j - 2/15*j**5 + 0 - 7/6*j**3 - 1/6*j**4 + 1/60*j**6 + 15*j**2. What is the units digit of g(6)?
3
Let z be -2 + (-251)/(-10) - 30/300. Suppose -4*f = -z*f + 25726. What is the units digit of f?
4
Suppose -50*t = -l - 54*t + 13524, -3*l + 40558 = 5*t. What is the thousands digit of l?
3
What is the hundreds digit of (135390/(-4))/((-11 - 8)/38)?
6
Suppose -12*m - 1704 + 6864 = 0. What is the hundreds digit of m*1 + 18/(-11 + 2)?
4
Suppose 3*l - 2*w - 64518 = 0, -5*l - 25*w + 107492 = -22*w. What is the ten thousands digit of l?
2
Suppose -2*x + 5*j = -863 - 195, -2579 = -5*x - 4*j. Let i = 774 - x. What is the tens digit of i?
5
Let i(o) = 20*o + 14 - 6*o**3 + 6*o**3 + 15*o**2 - 3*o**3 + 4*o**3. Let t be -2 - (13 + -9 - (-5 + -2)). What is the tens digit of i(t)?
9
Suppose 3*c = -3*w + 59133, 3*c - 15726 = w + 43395. What is the ten thousands digit of c?
1
Let k = 71 + -50. Let r(n) = -7*n**2 - 5*n + 7. Let f be r(1). Let z = f + k. What is the tens digit of z?
1
What is the tens digit of (-1)/((-743512)/(-74360) + (-8 - 2))?
4
Suppose -297*w + 3175 = -272*w. Suppose -s + 56 = -0*s - f, -3*s - 2*f + 183 = 0. Let d = w - s. What is the tens digit of d?
6
Let w be 51*(-1 + 0)/(-1). Suppose 560 = -49*b + w*b. What is the tens digit of b?
8
Let v(b) = 15*b**2 - 54*b + 8. Let m be v(4). Let n(g) = 3*g**2 - 64*g + 51. What is the hundreds digit of n(m)?
0
Let d(c) = -12*c - 11. Let v be d(0). Let o(h) = -h**3 - 11*h**2 - h - 7. What is the units digit of o(v)?
4
Let y = -24332 - -60284. What is the hundreds digit of y?
9
Let v(g) = -13*g - 113. Let u(q) = -26*q - 228